t common divisor of 14269 and 551?
19
What is the highest common divisor of 1359760 and 368?
368
What is the greatest common divisor of 240 and 38512?
16
Calculate the highest common factor of 244 and 436.
4
What is the highest common factor of 22518 and 684?
18
What is the highest common divisor of 1270140 and 10?
10
Calculate the greatest common divisor of 573 and 153.
3
What is the highest common factor of 48 and 1485156?
12
Calculate the highest common factor of 441 and 107457.
147
What is the highest common divisor of 15771 and 21?
21
What is the greatest common divisor of 3869 and 8692?
53
What is the highest common divisor of 6490 and 68750?
110
Calculate the greatest common divisor of 725674 and 1926.
214
What is the highest common factor of 79356 and 8364?
204
Calculate the highest common divisor of 348 and 2524.
4
Calculate the highest common divisor of 256 and 7568.
16
What is the highest common factor of 77 and 927773?
77
What is the greatest common factor of 201 and 136077?
201
Calculate the highest common divisor of 148 and 114182.
74
Calculate the greatest common factor of 168 and 29253.
21
What is the greatest common factor of 876 and 23214?
438
What is the greatest common divisor of 157228 and 276?
92
Calculate the greatest common factor of 2568 and 2387384.
856
Calculate the highest common factor of 7395 and 5.
5
What is the highest common divisor of 2294 and 23374?
62
Calculate the greatest common factor of 34455 and 420.
15
What is the highest common factor of 216 and 1191438?
18
What is the highest common factor of 585 and 584883?
117
What is the greatest common divisor of 1506 and 265809?
753
What is the highest common divisor of 8742 and 6448?
62
Calculate the greatest common divisor of 406 and 382046.
406
What is the greatest common factor of 23715 and 225?
45
Calculate the highest common divisor of 30064 and 296.
8
What is the greatest common divisor of 16152 and 114?
6
What is the highest common divisor of 2820 and 664110?
1410
What is the greatest common divisor of 11 and 486871?
11
What is the greatest common factor of 18070 and 260?
130
Calculate the greatest common factor of 3 and 61055.
1
What is the highest common divisor of 45 and 6015?
15
What is the highest common divisor of 263 and 398708?
263
What is the highest common factor of 13310 and 10?
10
Calculate the greatest common factor of 1323 and 1568.
49
What is the highest common factor of 40 and 10852?
4
Calculate the highest common factor of 450 and 375210.
90
What is the greatest common factor of 671 and 249246?
61
What is the greatest common divisor of 76323 and 2472?
309
What is the greatest common divisor of 129143 and 133?
133
Calculate the highest common divisor of 960 and 5520.
240
What is the greatest common factor of 147091 and 21?
7
Calculate the greatest common divisor of 20895 and 11585.
35
What is the highest common divisor of 7930 and 670?
10
What is the highest common divisor of 106 and 2637969?
53
Calculate the greatest common divisor of 378 and 70938.
126
What is the greatest common divisor of 155 and 96348?
31
Calculate the highest common factor of 764 and 955.
191
Calculate the highest common divisor of 390 and 23322.
78
What is the greatest common factor of 7139 and 253?
11
What is the highest common factor of 26 and 41483?
13
Calculate the highest common factor of 5914769 and 843.
281
Calculate the greatest common factor of 7225 and 675.
25
Calculate the greatest common factor of 8982 and 42.
6
What is the highest common divisor of 9835 and 3150?
35
What is the highest common divisor of 74 and 171014?
74
What is the greatest common divisor of 682711 and 86?
43
Calculate the highest common divisor of 480 and 168690.
30
Calculate the greatest common factor of 24 and 14876.
4
What is the highest common factor of 1736 and 18011?
217
Calculate the highest common factor of 20 and 5955.
5
Calculate the greatest common factor of 38052 and 1963.
151
What is the greatest common factor of 100 and 40?
20
Calculate the greatest common factor of 274120 and 1015.
35
What is the greatest common divisor of 6634 and 1612?
62
What is the highest common divisor of 148 and 56832?
148
What is the highest common factor of 459846 and 18?
18
Calculate the highest common factor of 5141 and 14453.
97
What is the greatest common factor of 34866 and 276991?
1937
Calculate the highest common divisor of 488 and 579317.
61
Calculate the highest common factor of 71227 and 117.
13
What is the greatest common divisor of 7192542 and 42?
42
Calculate the highest common factor of 5254 and 21386.
74
What is the highest common factor of 5577 and 1573?
143
Calculate the highest common divisor of 6196 and 44.
4
Calculate the greatest common divisor of 54 and 870291.
27
Calculate the highest common factor of 41440 and 344840.
1480
What is the greatest common divisor of 1052 and 7868?
4
What is the greatest common divisor of 396973 and 37?
37
What is the greatest common divisor of 713356 and 32?
4
Calculate the highest common factor of 5616 and 4479696.
1872
Calculate the greatest common divisor of 465664 and 110976.
2176
Calculate the highest common factor of 121 and 916817.
121
Calculate the highest common factor of 28145 and 130.
65
Calculate the greatest common factor of 67852 and 104.
4
Calculate the greatest common factor of 1882464 and 48.
48
What is the greatest common divisor of 19549 and 519?
173
What is the greatest common divisor of 27738 and 276?
138
Calculate the highest common factor of 27 and 314532.
9
Calculate the greatest common factor of 1701046 and 183.
61
Calculate the highest common divisor of 56 and 1342243.
7
Calculate the highest common factor of 800 and 3030.
10
Calculate the highest common divisor of 16646 and 2050.
82
Calculate the greatest common divisor of 731241 and 657.
657
What is the greatest common divisor of 4761 and 9?
9
What is the greatest common divisor of 69 and 3749?
23
What is the highest common divisor of 41846 and 784?
98
What is the greatest common divisor of 3550 and 490?
10
What is the highest common divisor of 13356 and 17262?
126
Calculate the highest common factor of 28398 and 888.
6
Calculate the greatest common divisor of 1454196 and 716.
716
Calculate the highest common factor of 1335 and 1620.
15
Calculate the greatest common divisor of 56 and 59864.
56
Calculate the greatest common divisor of 457 and 372455.
457
What is the greatest common factor of 369 and 17958?
123
What is the greatest common factor of 162 and 110646?
162
What is the highest common factor of 9478 and 126?
14
What is the highest common factor of 53439 and 47?
47
Calculate the highest common factor of 40 and 14680.
40
What is the greatest common factor of 512830 and 10?
10
Calculate the greatest common factor of 59000 and 1652.
236
What is the greatest common divisor of 359854 and 968?
242
What is the highest common factor of 351 and 129303?
27
What is the highest common divisor of 95 and 836?
19
What is the greatest common divisor of 954 and 19098?
18
What is the greatest common divisor of 7128 and 160?
8
Calculate the highest common factor of 1593 and 1121.
59
Calculate the highest common divisor of 44 and 4297.
1
What is the greatest common factor of 68 and 23324?
68
Calculate the highest common factor of 874 and 152.
38
What is the highest common divisor of 394 and 22?
2
What is the greatest common factor of 9 and 1153?
1
Calculate the highest common factor of 5075 and 8575.
175
What is the greatest common divisor of 11 and 159038?
11
Calculate the greatest common divisor of 9546 and 66.
6
What is the greatest common divisor of 650 and 3562?
26
Calculate the highest common factor of 374 and 276760.
374
Calculate the greatest common factor of 310975 and 175.
175
What is the greatest common divisor of 10 and 253455?
5
Calculate the highest common factor of 258 and 50.
2
What is the highest common divisor of 3111 and 244?
61
Calculate the greatest common factor of 69480 and 360.
360
Calculate the highest common factor of 192 and 501.
3
Calculate the greatest common divisor of 1456477 and 121.
121
Calculate the greatest common factor of 441 and 68859.
63
What is the highest common factor of 289 and 31?
1
What is the highest common factor of 11342 and